{"id":3155,"date":"2020-01-27T15:20:12","date_gmt":"2020-01-27T15:20:12","guid":{"rendered":"http:\/\/new.victorymedia.gr\/?post_type=product&#038;p=3155"},"modified":"2025-04-15T17:17:20","modified_gmt":"2025-04-15T17:17:20","slug":"elif","status":"publish","type":"product","link":"https:\/\/victorymedia.gr\/?product=elif","title":{"rendered":"\u0395\u039b\u0399\u03a6 (ELIF) &#8211; \u039f\u039b\u039f\u039a\u039b\u0397\u03a1\u03a9\u039c\u0395\u039d\u0397 \u03a3\u0395\u0399\u03a1\u0391"},"content":{"rendered":"<p><strong>\u03a0\u03b5\u03c1\u03b9\u03bb\u03b1\u03bc\u03b2\u03ac\u03bd\u03b5\u03b9 1136 \u0395\u03c0\u03b5\u03b9\u03c3\u03cc\u03b4\u03b9\u03b1 \u03c3\u03b5 456 DVD<\/strong><\/p>\n<p>\u0397 \u039c\u03b5\u03bb\u03ad\u03ba \u03b5\u03af\u03bd\u03b1\u03b9 \u03bc\u03b9\u03b1 \u03bf\u03b9\u03ba\u03b9\u03b1\u03ba\u03ae \u03b2\u03bf\u03b7\u03b8\u03cc\u03c2 \u03c3\u03c4\u03bf \u03c3\u03c0\u03af\u03c4\u03b9 \u03c4\u03b7\u03c2 \u03bf\u03b9\u03ba\u03bf\u03b3\u03ad\u03bd\u03b5\u03b9\u03b1\u03c2 \u0395\u03bc\u03af\u03c1\u03bf\u03b3\u03bb\u03bf\u03c5. \u039c\u03ad\u03c3\u03b1 \u03b1\u03c0\u03cc \u03c4\u03b7\u03bd \u03ba\u03b1\u03b8\u03b7\u03bc\u03b5\u03c1\u03b9\u03bd\u03ae \u03c4\u03b7\u03c2 \u03b5\u03c0\u03b1\u03c6\u03ae \u03bc\u03b5 \u03c4\u03bf\u03bd \u039a\u03b5\u03bd\u03ac\u03bd, \u03c4\u03bf\u03bd \u03b3\u03b9\u03bf \u03c4\u03b7\u03c2 \u03bf\u03b9\u03ba\u03bf\u03b3\u03ad\u03bd\u03b5\u03b9\u03b1\u03c2, \u03ad\u03bd\u03b1\u03c2 \u03bc\u03b5\u03b3\u03ac\u03bb\u03bf\u03c2 \u03ad\u03c1\u03c9\u03c4\u03b1\u03c2 \u03b3\u03b5\u03bd\u03bd\u03b9\u03ad\u03c4\u03b1\u03b9 \u03b1\u03bd\u03ac\u03bc\u03b5\u03c3\u03b1 \u03c3\u03c4\u03bf\u03c5\u03c2 \u03b4\u03cd\u03bf \u03bd\u03ad\u03bf\u03c5\u03c2. \u038c\u03bc\u03c9\u03c2, \u03b7 \u03bc\u03b7\u03c4\u03ad\u03c1\u03b1 \u03c4\u03bf\u03c5 \u039a\u03b5\u03bd\u03ac\u03bd \u03b4\u03b5\u03bd \u03bc\u03c0\u03bf\u03c1\u03b5\u03af \u03bd\u03b1 \u03b4\u03b5\u03c7\u03c4\u03b5\u03af \u03c4\u03b7 \u03c3\u03c7\u03ad\u03c3\u03b7 \u03c4\u03bf\u03c5 \u03b3\u03b9\u03bf\u03c5 \u03c4\u03b7\u03c2 \u03bc\u03b5 \u03c4\u03b7\u03bd \u039c\u03b5\u03bb\u03ad\u03ba \u03ba\u03b1\u03b9 \u03c4\u03b7\u03bd \u03b1\u03bd\u03b1\u03b3\u03ba\u03ac\u03b6\u03b5\u03b9 \u03bd\u03b1 \u03c6\u03cd\u03b3\u03b5\u03b9 \u03b1\u03c0\u03cc \u03c4\u03bf \u03c3\u03c0\u03af\u03c4\u03b9 \u03cc\u03c4\u03b1\u03bd \u03b5\u03ba\u03b5\u03af\u03bd\u03b7 \u03bc\u03ad\u03bd\u03b5\u03b9 \u03ad\u03b3\u03ba\u03c5\u03bf\u03c2. \u0397 \u039c\u03b5\u03bb\u03ad\u03ba \u03ba\u03b1\u03c4\u03b1\u03bb\u03b1\u03b2\u03b1\u03af\u03bd\u03b5\u03b9 \u03cc\u03c4\u03b9 \u03b4\u03b5\u03bd \u03ad\u03c7\u03b5\u03b9 \u03ac\u03bb\u03bb\u03b7 \u03b5\u03c0\u03b9\u03bb\u03bf\u03b3\u03ae, \u03b1\u03c6\u03ae\u03bd\u03bf\u03bd\u03c4\u03b1\u03c2 \u03c4\u03bf\u03bd \u039a\u03b5\u03bd\u03ac\u03bd \u03bd\u03b1 \u03c0\u03b9\u03c3\u03c4\u03b5\u03cd\u03b5\u03b9 \u03cc\u03c4\u03b9 \u03c4\u03bf\u03bd \u03b5\u03b3\u03ba\u03b1\u03c4\u03ad\u03bb\u03b5\u03b9\u03c8\u03b5 \u03b1\u03c0\u03cc \u03b4\u03b9\u03ba\u03ae \u03c4\u03b7\u03c2 \u03b5\u03c0\u03b9\u03bb\u03bf\u03b3\u03ae.<\/p>\n<p>\u038c\u03c4\u03b1\u03bd \u03b3\u03b5\u03bd\u03bd\u03b9\u03ad\u03c4\u03b1\u03b9 \u03b7 \u03bc\u03b9\u03ba\u03c1\u03ae \u0395\u03bb\u03af\u03c6, \u03bf \u039a\u03b5\u03bd\u03ac\u03bd \u03b4\u03b5\u03bd \u03b3\u03bd\u03c9\u03c1\u03af\u03b6\u03b5\u03b9 \u03c4\u03b7\u03bd \u03cd\u03c0\u03b1\u03c1\u03be\u03ae \u03c4\u03b7\u03c2 \u03ba\u03b1\u03b9 \u03c0\u03b1\u03bd\u03c4\u03c1\u03b5\u03cd\u03b5\u03c4\u03b1\u03b9 \u03bc\u03b9\u03b1 \u03ac\u03bb\u03bb\u03b7 \u03b3\u03c5\u03bd\u03b1\u03af\u03ba\u03b1. \u03a3\u03c4\u03bf \u03bc\u03b5\u03c4\u03b1\u03be\u03cd, \u03b7 \u039c\u03b5\u03bb\u03ad\u03ba \u03ad\u03c7\u03b5\u03b9 \u03b3\u03bd\u03c9\u03c1\u03af\u03c3\u03b5\u03b9 \u03ad\u03bd\u03b1\u03bd \u03ac\u03bb\u03bb\u03bf\u03bd \u03ac\u03bd\u03c4\u03c1\u03b1, \u03ad\u03bd\u03b1\u03bd \u03bc\u03b1\u03bd\u03b9\u03ce\u03b4\u03b7 \u03ba\u03b1\u03b9 \u03b1\u03c0\u03b5\u03bb\u03c0\u03b9\u03c3\u03bc\u03ad\u03bd\u03bf \u03c4\u03b6\u03bf\u03b3\u03b1\u03b4\u03cc\u03c1\u03bf, \u03bf \u03bf\u03c0\u03bf\u03af\u03bf\u03c2 \u03c3\u03ba\u03bf\u03c0\u03b5\u03cd\u03b5\u03b9 \u03bd\u03b1 \u03c0\u03bf\u03c5\u03bb\u03ae\u03c3\u03b5\u03b9 \u03c4\u03b7\u03bd 5-\u03c7\u03c1\u03bf\u03bd\u03b7 \u0395\u03bb\u03af\u03c6 \u03b3\u03b9\u03b1 \u03bd\u03b1 \u03ba\u03b1\u03bb\u03cd\u03c8\u03b5\u03b9 \u03c4\u03b1 \u03c7\u03c1\u03ad\u03b7 \u03c4\u03bf\u03c5. \u0397 \u039c\u03b5\u03bb\u03ad\u03ba \u03c0\u03c1\u03bf\u03c3\u03c0\u03b1\u03b8\u03ce\u03bd\u03c4\u03b1\u03c2 \u03bd\u03b1 \u03c3\u03ce\u03c3\u03b5\u03b9 \u03c4\u03b7\u03bd \u03ba\u03cc\u03c1\u03b7 \u03c4\u03b7\u03c2, \u03b5\u03b3\u03ba\u03b1\u03c4\u03b1\u03bb\u03b5\u03af\u03c0\u03b5\u03b9 \u03ba\u03c1\u03c5\u03c6\u03ac \u03c4\u03b7\u03bd \u0395\u03bb\u03af\u03c6 \u03c3\u03c4\u03b7\u03bd \u03ad\u03c0\u03b1\u03c5\u03bb\u03b7 \u03c4\u03c9\u03bd \u0395\u03bc\u03af\u03c1\u03bf\u03b3\u03bb\u03bf\u03c5, \u03c3\u03c4\u03b7 \u03c6\u03c1\u03bf\u03bd\u03c4\u03af\u03b4\u03b1 \u03bc\u03b9\u03b1\u03c2 \u03c0\u03b1\u03bb\u03b9\u03ac\u03c2 \u03c6\u03af\u03bb\u03b7\u03c2 \u03c4\u03b7\u03c2 \u03b1\u03c0\u03cc \u03c4\u03bf \u03c0\u03c1\u03bf\u03c3\u03c9\u03c0\u03b9\u03ba\u03cc.<\/p>\n<p>\u0397 \u03bf\u03b9\u03ba\u03bf\u03b3\u03ad\u03bd\u03b5\u03b9\u03b1 \u0395\u03bc\u03af\u03c1\u03bf\u03b3\u03bb\u03bf\u03c5 \u03b1\u03bd\u03b1\u03ba\u03b1\u03bb\u03cd\u03c0\u03c4\u03b5\u03b9 \u03be\u03b1\u03c6\u03bd\u03b9\u03ba\u03ac \u03cc\u03c4\u03b9 \u03ad\u03bd\u03b1 \u03bc\u03b9\u03ba\u03c1\u03cc \u03ac\u03b3\u03bd\u03c9\u03c3\u03c4\u03bf \u03ba\u03bf\u03c1\u03af\u03c4\u03c3\u03b9 \u03b6\u03b5\u03b9 \u03c3\u03c4\u03b7\u03bd \u03ad\u03c0\u03b1\u03c5\u03bb\u03b7, \u03cc\u03bc\u03c9\u03c2 \u03ba\u03b1\u03bd\u03b5\u03af\u03c2 \u03b4\u03b5\u03bd \u03bc\u03c0\u03bf\u03c1\u03b5\u03af \u03bd\u03b1 \u03c6\u03b1\u03bd\u03c4\u03b1\u03c3\u03c4\u03b5\u03af \u03c4\u03b9\u03c2 \u03c3\u03c5\u03bd\u03ad\u03c0\u03b5\u03b9\u03b5\u03c2 \u03b1\u03c0\u03cc \u03c4\u03b7\u03bd \u03c0\u03b1\u03c1\u03bf\u03c5\u03c3\u03af\u03b1 \u03c4\u03bf\u03c5 \u03b5\u03ba\u03b5\u03af.<\/p>\n<p>&nbsp;<\/p>\n<p><strong><u>\u03a3\u03b5\u03bd\u03ac\u03c1\u03b9\u03bf<\/u><\/strong><strong>: <\/strong>R\u00fcya \u0130stanbul<\/p>\n<p><strong><u>\u03a3\u03ba\u03b7\u03bd\u03bf\u03b8\u03b5\u03c3\u03af\u03b1<\/u><\/strong><strong>: <\/strong>Bet\u00fcl Sevim, \u00c7a\u011f\u0131l Aydo\u011fdu<\/p>\n<p><strong><u>\u03a0\u03c1\u03c9\u03c4\u03b1\u03b3\u03c9\u03bd\u03b9\u03c3\u03c4\u03bf\u03cd\u03bd<\/u><\/strong><strong>: <\/strong>\u0130sabella Damla G\u00fcven\u0131l\u0131r (\u0395\u03bb\u03af\u03c6), Sel\u0131n Sezg\u0131n (\u039c\u03b5\u03bb\u03ad\u03ba), Volkan \u00c7olpan (\u039a\u03b5\u03bd\u03ac\u03bd), Cemre Mel\u0131s \u00c7\u0131nar (\u0391\u03c1\u03b6\u03bf\u03cd), Hasan Ball\u0131kta\u015f (\u0392\u03b5\u03ca\u03c3\u03ad\u03bb), Emre K\u0131v\u0131lc\u0131m (\u03a3\u03b5\u03bb\u03af\u03bc), G\u00fcl\u00e7in Tun\u00e7ok (\u0396\u03b5\u03ca\u03bd\u03ad\u03c0), Batuhan Soncul (\u039c\u03bf\u03c5\u03c1\u03ac\u03c4), Zeynep \u00d6\u011fren (\u03a4\u03bf\u03c5\u03b3\u03c4\u03c3\u03ad), Aysun G\u00fcven (\u0391\u03bb\u03b9\u03b3\u03b9\u03ad), Cemre Mel\u0131s \u00c7\u0131nar (\u0391\u03c1\u03b6\u03bf\u03cd), Tevfik Yap\u0131c\u0131 (\u03a7\u03bf\u03c5\u03c3\u03bd\u03bf\u03cd), Dilara Y\u00fczer (\u0393\u03ba\u03bf\u03bd\u03c4\u03b6\u03ac)<\/p>\n<p>&nbsp;<\/p>\n","protected":false},"excerpt":{"rendered":"<p>\u03a0\u03b5\u03c1\u03b9\u03bb\u03b1\u03bc\u03b2\u03ac\u03bd\u03b5\u03b9 1136 \u0395\u03c0\u03b5\u03b9\u03c3\u03cc\u03b4\u03b9\u03b1 \u03c3\u03b5 456 DVD \u0397 \u039c\u03b5\u03bb\u03ad\u03ba \u03b5\u03af\u03bd\u03b1\u03b9 \u03bc\u03b9\u03b1 \u03bf\u03b9\u03ba\u03b9\u03b1\u03ba\u03ae \u03b2\u03bf\u03b7\u03b8\u03cc\u03c2 \u03c3\u03c4\u03bf \u03c3\u03c0\u03af\u03c4\u03b9 \u03c4\u03b7\u03c2 \u03bf\u03b9\u03ba\u03bf\u03b3\u03ad\u03bd\u03b5\u03b9\u03b1\u03c2 \u0395\u03bc\u03af\u03c1\u03bf\u03b3\u03bb\u03bf\u03c5. \u039c\u03ad\u03c3\u03b1 \u03b1\u03c0\u03cc \u03c4\u03b7\u03bd \u03ba\u03b1\u03b8\u03b7\u03bc\u03b5\u03c1\u03b9\u03bd\u03ae \u03c4\u03b7\u03c2 \u03b5\u03c0\u03b1\u03c6\u03ae \u03bc\u03b5 \u03c4\u03bf\u03bd \u039a\u03b5\u03bd\u03ac\u03bd, \u03c4\u03bf\u03bd \u03b3\u03b9\u03bf \u03c4\u03b7\u03c2 \u03bf\u03b9\u03ba\u03bf\u03b3\u03ad\u03bd\u03b5\u03b9\u03b1\u03c2, \u03ad\u03bd\u03b1\u03c2 \u03bc\u03b5\u03b3\u03ac\u03bb\u03bf\u03c2 \u03ad\u03c1\u03c9\u03c4\u03b1\u03c2 \u03b3\u03b5\u03bd\u03bd\u03b9\u03ad\u03c4\u03b1\u03b9 \u03b1\u03bd\u03ac\u03bc\u03b5\u03c3\u03b1 \u03c3\u03c4\u03bf\u03c5\u03c2 \u03b4\u03cd\u03bf \u03bd\u03ad\u03bf\u03c5\u03c2. \u038c\u03bc\u03c9\u03c2, \u03b7 \u03bc\u03b7\u03c4\u03ad\u03c1\u03b1 \u03c4\u03bf\u03c5 \u039a\u03b5\u03bd\u03ac\u03bd \u03b4\u03b5\u03bd \u03bc\u03c0\u03bf\u03c1\u03b5\u03af \u03bd\u03b1 \u03b4\u03b5\u03c7\u03c4\u03b5\u03af \u03c4\u03b7 \u03c3\u03c7\u03ad\u03c3\u03b7 \u03c4\u03bf\u03c5 \u03b3\u03b9\u03bf\u03c5 \u03c4\u03b7\u03c2 \u03bc\u03b5 \u03c4\u03b7\u03bd \u039c\u03b5\u03bb\u03ad\u03ba [&hellip;]<\/p>\n","protected":false},"featured_media":4209,"template":"","meta":[],"product_brand":[],"product_cat":[25,65],"product_tag":[],"class_list":{"0":"post-3155","1":"product","2":"type-product","3":"status-publish","4":"has-post-thumbnail","6":"product_cat-turkish-series","7":"product_cat-drama","9":"first","10":"onbackorder","11":"taxable","12":"shipping-taxable","13":"product-type-simple"},"_links":{"self":[{"href":"https:\/\/victorymedia.gr\/index.php?rest_route=\/wp\/v2\/product\/3155","targetHints":{"allow":["GET"]}}],"collection":[{"href":"https:\/\/victorymedia.gr\/index.php?rest_route=\/wp\/v2\/product"}],"about":[{"href":"https:\/\/victorymedia.gr\/index.php?rest_route=\/wp\/v2\/types\/product"}],"wp:featuredmedia":[{"embeddable":true,"href":"https:\/\/victorymedia.gr\/index.php?rest_route=\/wp\/v2\/media\/4209"}],"wp:attachment":[{"href":"https:\/\/victorymedia.gr\/index.php?rest_route=%2Fwp%2Fv2%2Fmedia&parent=3155"}],"wp:term":[{"taxonomy":"product_brand","embeddable":true,"href":"https:\/\/victorymedia.gr\/index.php?rest_route=%2Fwp%2Fv2%2Fproduct_brand&post=3155"},{"taxonomy":"product_cat","embeddable":true,"href":"https:\/\/victorymedia.gr\/index.php?rest_route=%2Fwp%2Fv2%2Fproduct_cat&post=3155"},{"taxonomy":"product_tag","embeddable":true,"href":"https:\/\/victorymedia.gr\/index.php?rest_route=%2Fwp%2Fv2%2Fproduct_tag&post=3155"}],"curies":[{"name":"wp","href":"https:\/\/api.w.org\/{rel}","templated":true}]}}